540 and 270?
30
Calculate the greatest common factor of 341 and 847.
11
What is the highest common divisor of 6234 and 6?
6
What is the greatest common factor of 80414 and 186?
62
Calculate the greatest common factor of 86125 and 200.
25
What is the highest common divisor of 93 and 16213?
31
What is the highest common divisor of 984 and 10104?
24
What is the highest common factor of 60 and 270948?
12
Calculate the highest common factor of 46984 and 1036.
28
What is the highest common factor of 101690 and 270?
10
What is the highest common factor of 3097068 and 1248?
156
Calculate the highest common factor of 214 and 2023156.
214
What is the greatest common divisor of 6156 and 188556?
228
Calculate the highest common factor of 1036554 and 12.
6
Calculate the highest common factor of 1430 and 1760.
110
What is the highest common divisor of 2979 and 654387?
993
What is the greatest common factor of 4396 and 8?
4
Calculate the highest common factor of 4988590 and 30.
10
What is the highest common divisor of 26 and 2249?
13
What is the highest common factor of 189 and 19824?
21
Calculate the greatest common factor of 5 and 19585.
5
Calculate the highest common divisor of 39146 and 370.
74
Calculate the greatest common factor of 12 and 28446.
6
What is the greatest common factor of 20306 and 19305?
143
What is the greatest common factor of 7359 and 660?
33
What is the highest common factor of 372759 and 6?
3
Calculate the highest common divisor of 1195 and 5310.
5
What is the highest common factor of 11904 and 11842?
62
What is the greatest common factor of 1596 and 1428?
84
What is the greatest common divisor of 4 and 18378?
2
What is the highest common divisor of 2755 and 12293?
19
Calculate the highest common divisor of 602225 and 65.
65
What is the greatest common divisor of 30 and 6345?
15
Calculate the highest common divisor of 70 and 30478.
14
Calculate the greatest common factor of 388 and 23377.
97
What is the highest common factor of 852 and 4247788?
284
Calculate the greatest common factor of 7454 and 16.
2
Calculate the greatest common factor of 66 and 2328.
6
What is the greatest common factor of 2772 and 1344?
84
Calculate the highest common factor of 448 and 70448.
112
Calculate the greatest common divisor of 8336 and 816.
16
Calculate the greatest common divisor of 71691 and 138.
69
What is the greatest common factor of 87174 and 16199?
167
What is the greatest common divisor of 981 and 33066?
9
Calculate the greatest common divisor of 469 and 394429.
469
What is the greatest common divisor of 198 and 27153?
9
Calculate the highest common factor of 240979 and 5558.
397
What is the greatest common divisor of 170 and 10790?
10
What is the greatest common factor of 120 and 12495?
15
What is the greatest common divisor of 3038 and 5537?
49
What is the greatest common divisor of 114607 and 62?
31
Calculate the greatest common factor of 88885 and 435.
145
What is the highest common factor of 105 and 260?
5
Calculate the greatest common divisor of 3199286 and 172.
86
What is the highest common factor of 223409 and 656?
41
What is the highest common factor of 1521 and 2223?
117
What is the highest common divisor of 10 and 1185?
5
What is the greatest common factor of 24 and 3801?
3
Calculate the highest common factor of 161083 and 26.
13
Calculate the highest common divisor of 2890 and 2090626.
578
What is the highest common factor of 139 and 1219447?
139
What is the greatest common divisor of 356 and 31684?
356
Calculate the greatest common factor of 63 and 170541.
63
What is the greatest common divisor of 7728 and 143472?
336
Calculate the greatest common factor of 399 and 14991.
57
What is the greatest common factor of 23068 and 584?
292
Calculate the highest common factor of 78 and 85926.
6
Calculate the highest common factor of 240 and 2234352.
48
What is the greatest common factor of 1809712 and 304?
304
Calculate the highest common factor of 2 and 2265.
1
What is the greatest common factor of 21189056 and 14?
14
What is the greatest common factor of 2991 and 9?
3
What is the highest common factor of 319 and 83723?
29
Calculate the greatest common divisor of 58698 and 270.
54
What is the greatest common divisor of 3858592 and 68?
68
Calculate the greatest common factor of 99363 and 561.
33
What is the greatest common factor of 194504 and 5248?
328
Calculate the highest common divisor of 987 and 124785.
141
Calculate the greatest common divisor of 98989 and 55.
11
Calculate the highest common divisor of 2140 and 1387576.
428
What is the greatest common divisor of 13779 and 351?
9
What is the highest common factor of 33 and 377751?
33
What is the greatest common factor of 952 and 209202?
238
What is the highest common divisor of 13325 and 2925?
325
Calculate the highest common divisor of 981 and 113687.
109
What is the greatest common divisor of 10565 and 100?
5
What is the greatest common divisor of 8652 and 2436?
84
What is the highest common divisor of 1428 and 8988?
84
What is the greatest common factor of 14846 and 195?
13
What is the greatest common divisor of 22038 and 192?
6
Calculate the highest common divisor of 4245 and 190.
5
What is the greatest common divisor of 46992 and 33?
33
Calculate the greatest common factor of 423456 and 8448.
1056
What is the highest common factor of 1400 and 9905?
35
What is the greatest common factor of 28695 and 30?
15
What is the highest common divisor of 6245 and 45?
5
What is the highest common factor of 22 and 77374?
22
What is the greatest common factor of 68604 and 24?
12
Calculate the highest common divisor of 26819 and 26.
13
What is the highest common factor of 35298 and 82584?
666
Calculate the greatest common divisor of 18 and 1543878.
18
Calculate the greatest common divisor of 9882 and 270.
54
What is the highest common divisor of 10 and 3814?
2
Calculate the highest common divisor of 550 and 7128.
22
Calculate the highest common factor of 58564 and 704.
44
What is the highest common factor of 20816952 and 312?
312
What is the greatest common factor of 2402085 and 105?
105
Calculate the highest common divisor of 5264 and 112.
112
Calculate the highest common divisor of 73692 and 1116.
36
Calculate the greatest common factor of 1457 and 2449.
31
What is the greatest common divisor of 6322510 and 10?
10
What is the highest common factor of 150 and 18930?
30
Calculate the greatest common factor of 139 and 2368282.
139
What is the highest common factor of 128 and 141136?
16
What is the highest common factor of 49 and 8911?
7
Calculate the greatest common factor of 591604 and 14508.
1612
Calculate the highest common factor of 1896 and 78.
6
What is the greatest common factor of 4439 and 9650?
193
What is the greatest common divisor of 160 and 404080?
80
What is the greatest common divisor of 92 and 1200899?
23
Calculate the highest common divisor of 150 and 30475.
25
What is the greatest common factor of 6 and 60126?
6
Calculate the highest common factor of 57920 and 24.
8
Calculate the greatest common divisor of 32588 and 12.
4
Calculate the greatest common divisor of 60 and 27774.
6
Calculate the highest common divisor of 8892 and 20691.
171
What is the highest common factor of 15 and 5138295?
15
What is the highest common factor of 800 and 33800?
200
Calculate the highest common factor of 40 and 11135.
5
Calculate the highest common divisor of 9063938 and 52.
26
What is the highest common factor of 26586 and 2?
2
Calculate the highest common divisor of 456 and 3914.
38
Calculate the highest common factor of 162 and 11510910.
162
Calculate the highest common divisor of 382 and 594010.
382
Calculate the highest common divisor of 176 and 487168.
176
What is the highest common divisor of 32431 and 451?
41
Calculate the greatest common divisor of 154101 and 186.
93
What is the greatest common divisor of 517 and 3883?
11
What is the highest common divisor of 10354 and 558?
62
What is the greatest common divisor of 172816 and 924?
28
What is the greatest common factor of 150 and 49650?
150
Calculate the greatest common factor of 60 and 89595.
15
Calculate the highest common factor of 1206 and 498681.
603
What is the highest common divisor of 22572 and 1749?
33
Calculate the highest comm